[INFO] cloning repository https://github.com/mp4096/ray
[INFO] running `Command { std: "git" "-c" "credential.helper=" "-c" "credential.helper=/workspace/cargo-home/bin/git-credential-null" "clone" "--bare" "https://github.com/mp4096/ray" "/workspace/cache/git-repos/https%3A%2F%2Fgithub.com%2Fmp4096%2Fray", kill_on_drop: false }`
[INFO] [stderr] Cloning into bare repository '/workspace/cache/git-repos/https%3A%2F%2Fgithub.com%2Fmp4096%2Fray'...
[INFO] running `Command { std: "git" "rev-parse" "HEAD", kill_on_drop: false }`
[INFO] [stdout] 736939a8b0052bbb5b3fd6950b0e3cdb77129ef4
[INFO] checking mp4096/ray against try#72f88fc4e9458f89516a0b8b0868f3718aec5b47 for pr-74989
[INFO] running `Command { std: "git" "clone" "/workspace/cache/git-repos/https%3A%2F%2Fgithub.com%2Fmp4096%2Fray" "/workspace/builds/worker-1/source", kill_on_drop: false }`
[INFO] [stderr] Cloning into '/workspace/builds/worker-1/source'...
[INFO] [stderr] done.
[INFO] validating manifest of git repo https://github.com/mp4096/ray on toolchain 72f88fc4e9458f89516a0b8b0868f3718aec5b47
[INFO] running `Command { std: "/workspace/cargo-home/bin/cargo" "+72f88fc4e9458f89516a0b8b0868f3718aec5b47" "read-manifest" "--manifest-path" "Cargo.toml", kill_on_drop: false }`
[INFO] started tweaking git repo https://github.com/mp4096/ray
[INFO] finished tweaking git repo https://github.com/mp4096/ray
[INFO] tweaked toml for git repo https://github.com/mp4096/ray written to /workspace/builds/worker-1/source/Cargo.toml
[INFO] crate git repo https://github.com/mp4096/ray already has a lockfile, it will not be regenerated
[INFO] running `Command { std: "/workspace/cargo-home/bin/cargo" "+72f88fc4e9458f89516a0b8b0868f3718aec5b47" "fetch" "--locked" "--manifest-path" "Cargo.toml", kill_on_drop: false }`
[INFO] [stderr]  Downloading crates ...
[INFO] [stderr]   Downloaded terminal_size v0.1.13
[INFO] [stderr]   Downloaded console v0.12.0
[INFO] [stderr]   Downloaded termios v0.3.2
[INFO] [stderr]   Downloaded indicatif v0.15.0
[INFO] running `Command { std: "docker" "create" "-v" "/var/lib/crater-agent-workspace/builds/worker-1/target:/opt/rustwide/target:rw,Z" "-v" "/var/lib/crater-agent-workspace/builds/worker-1/source:/opt/rustwide/workdir:ro,Z" "-v" "/var/lib/crater-agent-workspace/cargo-home:/opt/rustwide/cargo-home:ro,Z" "-v" "/var/lib/crater-agent-workspace/rustup-home:/opt/rustwide/rustup-home:ro,Z" "-e" "SOURCE_DIR=/opt/rustwide/workdir" "-e" "CARGO_TARGET_DIR=/opt/rustwide/target" "-e" "CARGO_HOME=/opt/rustwide/cargo-home" "-e" "RUSTUP_HOME=/opt/rustwide/rustup-home" "-w" "/opt/rustwide/workdir" "-m" "1610612736" "--user" "0:0" "--network" "none" "rustops/crates-build-env@sha256:d92eaeed33fa75130ca1ee6c8a01d1ffb62bac859dfdfb3450e3e5d1c0146529" "/opt/rustwide/cargo-home/bin/cargo" "+72f88fc4e9458f89516a0b8b0868f3718aec5b47" "metadata" "--no-deps" "--format-version=1", kill_on_drop: false }`
[INFO] [stdout] 09b47ee3964379d2bdbffc8e8efb25ffa7147a1a268e37f1e69889cd3041b67e
[INFO] [stderr] WARNING: Your kernel does not support swap limit capabilities or the cgroup is not mounted. Memory limited without swap.
[INFO] running `Command { std: "docker" "start" "-a" "09b47ee3964379d2bdbffc8e8efb25ffa7147a1a268e37f1e69889cd3041b67e", kill_on_drop: false }`
[INFO] running `Command { std: "docker" "inspect" "09b47ee3964379d2bdbffc8e8efb25ffa7147a1a268e37f1e69889cd3041b67e", kill_on_drop: false }`
[INFO] running `Command { std: "docker" "rm" "-f" "09b47ee3964379d2bdbffc8e8efb25ffa7147a1a268e37f1e69889cd3041b67e", kill_on_drop: false }`
[INFO] [stdout] 09b47ee3964379d2bdbffc8e8efb25ffa7147a1a268e37f1e69889cd3041b67e
[INFO] running `Command { std: "docker" "create" "-v" "/var/lib/crater-agent-workspace/builds/worker-1/target:/opt/rustwide/target:rw,Z" "-v" "/var/lib/crater-agent-workspace/builds/worker-1/source:/opt/rustwide/workdir:ro,Z" "-v" "/var/lib/crater-agent-workspace/cargo-home:/opt/rustwide/cargo-home:ro,Z" "-v" "/var/lib/crater-agent-workspace/rustup-home:/opt/rustwide/rustup-home:ro,Z" "-e" "SOURCE_DIR=/opt/rustwide/workdir" "-e" "CARGO_TARGET_DIR=/opt/rustwide/target" "-e" "CARGO_INCREMENTAL=0" "-e" "RUST_BACKTRACE=full" "-e" "RUSTFLAGS=--cap-lints=forbid" "-e" "CARGO_HOME=/opt/rustwide/cargo-home" "-e" "RUSTUP_HOME=/opt/rustwide/rustup-home" "-w" "/opt/rustwide/workdir" "-m" "1610612736" "--user" "0:0" "--network" "none" "rustops/crates-build-env@sha256:d92eaeed33fa75130ca1ee6c8a01d1ffb62bac859dfdfb3450e3e5d1c0146529" "/opt/rustwide/cargo-home/bin/cargo" "+72f88fc4e9458f89516a0b8b0868f3718aec5b47" "check" "--frozen" "--all" "--all-targets" "--message-format=json", kill_on_drop: false }`
[INFO] [stdout] 98ca31b6c0fc17efb3021ede7df524abceb907a4d91d2cb350f084b4803a5bf6
[INFO] [stderr] WARNING: Your kernel does not support swap limit capabilities or the cgroup is not mounted. Memory limited without swap.
[INFO] running `Command { std: "docker" "start" "-a" "98ca31b6c0fc17efb3021ede7df524abceb907a4d91d2cb350f084b4803a5bf6", kill_on_drop: false }`
[INFO] [stderr]    Compiling autocfg v1.0.1
[INFO] [stderr]    Compiling libc v0.2.76
[INFO] [stderr]     Checking cfg-if v0.1.10
[INFO] [stderr]    Compiling maybe-uninit v2.0.0
[INFO] [stderr]    Compiling getrandom v0.1.14
[INFO] [stderr]    Compiling rayon-core v1.7.1
[INFO] [stderr]     Checking regex-syntax v0.6.18
[INFO] [stderr]     Checking unicode-width v0.1.8
[INFO] [stderr]     Checking number_prefix v0.3.0
[INFO] [stderr]     Checking itertools v0.9.0
[INFO] [stderr]    Compiling crossbeam-utils v0.7.2
[INFO] [stderr]    Compiling memoffset v0.5.5
[INFO] [stderr]    Compiling crossbeam-epoch v0.8.2
[INFO] [stderr]    Compiling num-traits v0.2.12
[INFO] [stderr]    Compiling num-integer v0.1.43
[INFO] [stderr]    Compiling rayon v1.3.1
[INFO] [stderr]     Checking crossbeam-queue v0.2.3
[INFO] [stderr]     Checking termios v0.3.2
[INFO] [stderr]     Checking terminal_size v0.1.13
[INFO] [stderr]     Checking num_cpus v1.13.0
[INFO] [stderr]     Checking time v0.1.43
[INFO] [stderr]     Checking regex v1.3.9
[INFO] [stderr]     Checking rand_core v0.5.1
[INFO] [stderr]     Checking crossbeam-deque v0.7.3
[INFO] [stderr]     Checking rand_chacha v0.2.2
[INFO] [stderr]     Checking chrono v0.4.15
[INFO] [stderr]     Checking rand v0.7.3
[INFO] [stderr]     Checking console v0.12.0
[INFO] [stderr]     Checking indicatif v0.15.0
[INFO] [stderr]     Checking ray v0.1.0 (/opt/rustwide/workdir)
[INFO] [stdout] error[E0433]: failed to resolve: use of undeclared type or module `ray`
[INFO] [stdout]  --> benches/raytracing_bench.rs:2:5
[INFO] [stdout]   |
[INFO] [stdout] 2 | use ray::material::Material;
[INFO] [stdout]   |     ^^^ use of undeclared type or module `ray`
[INFO] [stdout] 
[INFO] [stdout] 
[INFO] [stdout] error[E0432]: unresolved import `criterion`
[INFO] [stdout]  --> benches/raytracing_bench.rs:1:5
[INFO] [stdout]   |
[INFO] [stdout] 1 | use criterion::{black_box, criterion_group, criterion_main, Criterion};
[INFO] [stdout]   |     ^^^^^^^^^ use of undeclared type or module `criterion`
[INFO] [stdout] 
[INFO] [stdout] 
[INFO] [stdout] error: cannot determine resolution for the macro `criterion_main`
[INFO] [stdout]   --> benches/raytracing_bench.rs:14:1
[INFO] [stdout]    |
[INFO] [stdout] 14 | criterion_main!(benches);
[INFO] [stdout]    | ^^^^^^^^^^^^^^
[INFO] [stdout]    |
[INFO] [stdout]    = note: import resolution is stuck, try simplifying macro imports
[INFO] [stdout] 
[INFO] [stdout] 
[INFO] [stdout] error: cannot determine resolution for the macro `criterion_group`
[INFO] [stdout]   --> benches/raytracing_bench.rs:13:1
[INFO] [stdout]    |
[INFO] [stdout] 13 | criterion_group!(benches, criterion_benchmark);
[INFO] [stdout]    | ^^^^^^^^^^^^^^^
[INFO] [stdout]    |
[INFO] [stdout]    = note: import resolution is stuck, try simplifying macro imports
[INFO] [stdout] 
[INFO] [stdout] 
[INFO] [stdout] error[E0433]: failed to resolve: use of undeclared type or module `BenchmarkId`
[INFO] [stdout]  --> benches/raytracing_bench.rs:6:24
[INFO] [stdout]   |
[INFO] [stdout] 6 |     c.bench_with_input(BenchmarkId::new("function_name", input), &input, |b, i| {
[INFO] [stdout]   |                        ^^^^^^^^^^^ use of undeclared type or module `BenchmarkId`
[INFO] [stdout] 
[INFO] [stdout] 
[INFO] [stdout] warning: function is never used: `old_world`
[INFO] [stdout]    --> src/main.rs:137:4
[INFO] [stdout]     |
[INFO] [stdout] 137 | fn old_world() -> HittableList {
[INFO] [stdout]     |    ^^^^^^^^^
[INFO] [stdout]     |
[INFO] [stdout]     = note: `#[warn(dead_code)]` on by default
[INFO] [stdout] 
[INFO] [stdout] 
[INFO] [stdout] error: aborting due to 5 previous errors
[INFO] [stdout] 
[INFO] [stdout] 
[INFO] [stdout] Some errors have detailed explanations: E0432, E0433.
[INFO] [stdout] 
[INFO] [stdout] For more information about an error, try `rustc --explain E0432`.
[INFO] [stdout] 
[INFO] [stderr] error: could not compile `ray`.
[INFO] [stderr] 
[INFO] [stderr] To learn more, run the command again with --verbose.
[INFO] [stderr] warning: build failed, waiting for other jobs to finish...
[INFO] [stdout] warning: 1 warning emitted
[INFO] [stdout] 
[INFO] [stdout] 
[INFO] [stdout] warning: function is never used: `old_world`
[INFO] [stdout]    --> src/main.rs:137:4
[INFO] [stdout]     |
[INFO] [stdout] 137 | fn old_world() -> HittableList {
[INFO] [stdout]     |    ^^^^^^^^^
[INFO] [stdout]     |
[INFO] [stdout]     = note: `#[warn(dead_code)]` on by default
[INFO] [stdout] 
[INFO] [stdout] 
[INFO] [stdout] warning: 1 warning emitted
[INFO] [stdout] 
[INFO] [stdout] 
[INFO] [stderr] error: build failed
[INFO] running `Command { std: "docker" "inspect" "98ca31b6c0fc17efb3021ede7df524abceb907a4d91d2cb350f084b4803a5bf6", kill_on_drop: false }`
[INFO] running `Command { std: "docker" "rm" "-f" "98ca31b6c0fc17efb3021ede7df524abceb907a4d91d2cb350f084b4803a5bf6", kill_on_drop: false }`
[INFO] [stdout] 98ca31b6c0fc17efb3021ede7df524abceb907a4d91d2cb350f084b4803a5bf6
